. Let m be u(-6). Calculate the greatest common factor of h and m.
9
Suppose -2*t - 140 = -7*t. Let i = 60 - t. Suppose a + 3*a = i. Calculate the highest common divisor of a and 16.
8
Let g be 1/2 - 5/(-2). Suppose -105 = 6*z - 11*z. What is the highest common divisor of z and g?
3
Let b be (-79)/(-9) - 36/(-162). What is the greatest common divisor of b and 1?
1
Suppose -55 = -5*o + 10. What is the highest common factor of o and 13?
13
Let b be (-20)/(-15) - -2*(-509)/(-6). Suppose -3*z - 3*n = 2*z - 89, 5*z - 105 = 5*n. What is the highest common divisor of b and z?
19
Suppose -m = -1 + 6, -4*m - 5 = 5*f. Let b(n) = -n**3 + n**2 - n + 9. Let g = -1 + 1. Let u be b(g). Calculate the greatest common divisor of f and u.
3
Let y = -88 - -123. What is the highest common factor of y and 14?
7
Suppose 13*v + 112 = 17*v. What is the highest common divisor of 56 and v?
28
Suppose 2*r = -k + 2*k - 34, -3*k + 124 = 5*r. Suppose u = 6*u - 475. Calculate the greatest common divisor of u and k.
19
Let k = -9 + 15. What is the highest common divisor of k and 2?
2
Suppose 2*w - 3*d - 57 = 0, 2*w - 3*d - 47 = -2*d. Suppose -2*u + 63 = -u. What is the greatest common divisor of u and w?
21
Let a be -1*81*10/(-6). Let h = -4 - -1. Let w be (2/(-6))/(h/a). What is the highest common factor of w and 45?
15
Let l = -2 - -4. Suppose 2*u = v + 9, u = -l*v - 0*u - 8. Let c be 1 + -3 - (v + -72). What is the highest common divisor of 25 and c?
25
Let n(r) = -r - 14. Let x be n(-22). What is the greatest common factor of 256 and x?
8
Let z(q) = -3*q - 10. Let r be z(-20). What is the highest common factor of r and 10?
10
Let z(j) = 106*j**2 - 52*j**2 + j**3 - 49*j**2. Let c be -5 + (-2)/2 + 2. Let q be z(c). What is the highest common divisor of 16 and q?
16
Let r(l) = 2*l - 12. Let w be r(7). Suppose m = 3*d + w*d - 75, -d - 4*m = -36. What is the greatest common factor of d and 2?
2
Let f be 37/7 + 22/(-77). Suppose f*r - 204 = r. What is the greatest common factor of 34 and r?
17
Let r(i) = -i - 3. Let b(f) = 2*f + 5. Let z(t) = 3*b(t) + 7*r(t). Let x be z(-6). Let n = 12 - x. What is the highest common factor of n and 36?
12
Let i(g) = g**2 - 2*g - 3. Let y be i(3). Suppose -5*p + 80 = -y*p. What is the greatest common divisor of p and 112?
16
Suppose 0 = 4*j + 26 + 6. Let h be (-2)/8 + 278/j. Let n = 50 + h. Calculate the greatest common factor of 15 and n.
15
Let o be ((-2)/(-6))/((-8)/(-192)). Calculate the greatest common divisor of 72 and o.
8
Let c(f) = 4*f**3 + 1. Let p be c(-1). Let o = p + 7. Let s = 112 - 76. Calculate the greatest common divisor of s and o.
4
Let m be 288/(-1)*4/(-8). Suppose -n = -2*n + 3. Let t be (-48)/(-4) + 1 + n. What is the highest common factor of m and t?
16
Suppose -3*i + 4*n + 55 = 0, -6*n + 3*n = -5*i + 110. Let f = i + -12. Calculate the highest common factor of f and 13.
13
Suppose -4*s - 2*l + 61 + 47 = 0, -5*l - 10 = 0. What is the greatest common factor of s and 308?
28
Let j be (-6)/15 + (-162)/(-5). Suppose n - j = -n. Suppose -2*c = -4*x + 14, -x - x - 3*c + 11 = 0. What is the highest common divisor of x and n?
4
Let r = 11 - -7. Suppose m - 2*n = 3, 5*n - r = -5*m + 72. Calculate the highest common factor of 26 and m.
13
Suppose 4*y - 715 = -y - 3*r, 0 = 2*y - 3*r - 286. Suppose -5*h + h + 52 = 0. What is the highest common divisor of h and y?
13
Let n = 5 + -5. Let k = 4 + n. Calculate the highest common divisor of 4 and k.
4
Suppose 4*t = 8, -6*g + g - 4*t = 32. Let j = 2 - g. Let o be (-2)/3 - (-544)/6. What is the highest common divisor of j and o?
10
Let k = -17 + 26. Let w be (-8)/(-20) - 37/5. Let b = 52 + w. What is the greatest common divisor of k and b?
9
Suppose -2*o + 550 = 3*o. Let i(k) = k**2 - k + 4. Let u be i(3). Calculate the greatest common divisor of o and u.
10
Let o = 226 + -178. What is the highest common divisor of 72 and o?
24
Let u be (-6 - 6)*(-2 + (-2)/(-3)). Suppose 4*g = 2*c - 20, g - 9 = 2*c - 38. What is the highest common factor of c and u?
16
Suppose 3*p - 589 + 31 = 0. Suppose -4*v + p = 2*k, -2*v - 129 = -5*v + 2*k. Calculate the highest common factor of v and 30.
15
Let p(r) = -r**3 - 5*r**2 + 3*r - 3. Let y be p(-6). Suppose 3*n - 129 = -99. Calculate the greatest common factor of n and y.
5
Let n(c) = c**3 + 9*c**2 + 4*c + 7. Let j be n(-6). Let z = 28 + -15. What is the greatest common divisor of z and j?
13
Let q = 87 + -8. Suppose -q = -2*d - 9. Calculate the highest common divisor of 5 and d.
5
Suppose 3*b = -3*p - 6, 7 = -0*b - b - 2*p. Suppose b*f = f + 128. What is the highest common divisor of f and 16?
16
Let v be (4/(-6))/(1/(-21)). Suppose -3*p + p = -v. Suppose p*f - 9 = 4*f. What is the highest common divisor of f and 3?
3
Let p = 138 - -27. Let k be (-4)/(-6)*(-135)/(-6). What is the greatest common factor of k and p?
15
Suppose -251 = -2*x + 69. Suppose 0 = -7*k + 2*k + x. Calculate the highest common divisor of 8 and k.
8
Let g be (-238)/(-6) - 9/(-27). What is the greatest common factor of g and 16?
8
Let t = 2 - 5. Let g be (-3)/9 - 1/t. Let s be g + 0 + (8 - 2). What is the greatest common factor of s and 4?
2
Let m be (38 - 2)*2/4. What is the greatest common divisor of m and 36?
18
Suppose -o = 2*s - 40, 1 = -s + 4*o + 3. What is the highest common factor of s and 27?
9
Suppose -d = 5*a - 28, 2*a - 5*a = 3*d - 12. Let h = 8 - a. What is the highest common factor of 8 and h?
2
Let y(l) = 2*l**3 - 7*l**2 + 2. Let a(x) = x**3 - 8*x**2 - x + 2. Let r(i) = -3*a(i) + 4*y(i). Let z be r(3). Calculate the greatest common divisor of 10 and z.
10
Let i(n) = n + 1. Let b be i(13). Calculate the highest common factor of 56 and b.
14
Let g be (12/(-5))/((-9)/30). Suppose 5*r = j + 65, r - 6*j - 32 = -2*j. What is the greatest common divisor of r and g?
4
Suppose 0 = -3*v - 0*v + 210. Let t be (14/(-21))/(1/(-21)). What is the greatest common divisor of v and t?
14
Let i be (18 + 1)*(1 - 0). Suppose 3*r - 1 = -i. Let m = r - -9. What is the greatest common factor of 3 and m?
3
Let v = -49 + 55. What is the greatest common divisor of 66 and v?
6
Suppose -5*s = v - 33, 0 = s + 3*s + 4*v - 20. Calculate the greatest common divisor of 49 and s.
7
Let m(w) = w**2 + 2*w + 5. Let n be m(-3). What is the greatest common factor of n and 1?
1
Let w(o) = 4. Let z(b) = -2*b + 8. Let m(a) = -8*w(a) + 4*z(a). Let u be (-3)/(-2)*14/(-3). Let q be m(u). What is the greatest common factor of 14 and q?
14
Let v be (1/2)/(((-153)/(-36))/17). Calculate the greatest common divisor of v and 14.
2
Suppose -1644 = -10*l + 736. What is the greatest common divisor of l and 34?
34
Let t(d) = 12*d - 24. Let h be t(5). Let z be -1*(-11 + -1)*1. What is the highest common factor of h and z?
12
Let i(k) = 7*k**2 + 6 - 6*k**2 + 5*k - 1. Let a be i(-6). What is the greatest common factor of 44 and a?
11
Suppose -2*z = 0, 60 = 5*w - 3*w + 3*z. Calculate the highest common factor of 90 and w.
30
Let o = -14 - -24. Suppose -6 - 6 = -3*d. What is the greatest common factor of d and o?
2
Let c(l) = 70*l**3 - l**2 - l + 1. Let y be c(1). Calculate the greatest common factor of 23 and y.
23
Let i = -10 + 32. Calculate the highest common divisor of i and 154.
22
Suppose 3*w = -3*w + 96. What is the highest common factor of w and 12?
4
Suppose 0 = -5*p - p + 120. Calculate the highest common factor of 2 and p.
2
Suppose 4*n - v = 33, 3*v - 2*v = -4*n + 39. What is the highest common divisor of n and 72?
9
Suppose -2*s - s = 12, 0 = 2*t - 3*s - 26. Let u(o) = -2*o**3 + 3*o**2 + o**3 - 3*o + 4*o**2. Let q be u(5). What is the highest common divisor of q and t?
7
Suppose -15 = -5*k + 4*k. What is the highest common divisor of 15 and k?
15
Suppose 0 = 3*f - 2*f - 13. Suppose -3*n = -2*r - r + 24, -30 = -3*r + 5*n. Let o be 5/r*(12 + 1). What is the highest common factor of f and o?
13
Suppose 4*z - o = 26 + 38, 4*z + 2*o = 76. What is the greatest common factor of z and 17?
17
Let f be -30*(-6)/(-4)*-1. Let h(p) = p - 1. Let j be h(10). Calculate the highest common factor of j and f.
9
Let d(c) = -c**3 - 8*c**2 - 9*c. Let q be d(-7). What is the highest common factor of 112 and q?
14
Suppose 0 = d - 11 - 23. Let a be d/4 + (-39)/26. What is the greatest common divisor of a and 28?
7
Let w(c) = -c + 1. Let s b